{"id":5434,"date":"2023-09-18T09:37:44","date_gmt":"2023-09-18T07:37:44","guid":{"rendered":"https:\/\/skolkalender.se\/hagaskolan-umea\/?post_type=tribe_events&#038;p=5434"},"modified":"2023-10-06T12:38:51","modified_gmt":"2023-10-06T10:38:51","slug":"bokprov","status":"publish","type":"tribe_events","link":"https:\/\/skolkalender.se\/hagaskolan-umea\/handelse\/bokprov\/","title":{"rendered":"Bokprov"},"content":{"rendered":"<p>Individuellt, skriftligt prov d\u00e5 du ska kunna f\u00f6ljande: <\/p>\n<p>Sammanfatta handlingen av den bok som du l\u00e4st. (100-200 ord)<\/p>\n<p>Ber\u00e4tta om 2-3 viktiga personer i boken. (100-200 ord)<\/p>\n<p>Resonera (ber\u00e4tta dina tankar) om bokens budskap. (50-200 ord)<\/p>\n<p>Formulera egna \u00e5sikter och tankar om boken. (100-200 ord)<\/p>\n<p>F\u00f6r att komma till classroom: scrolla ner till h\u00e4ndelse\/taggar och tryck p\u00e5 l\u00e4nken &#8221;View H\u00e4ndelse Website&#8221;.<\/p>\n","protected":false},"excerpt":{"rendered":"<p>Individuellt, skriftligt prov d\u00e5 du ska kunna f\u00f6ljande: Sammanfatta handlingen av den bok som du l\u00e4st. (100-200 ord) Ber\u00e4tta om 2-3 viktiga personer i boken. (100-200 ord) Resonera&hellip;<\/p>\n","protected":false},"author":49,"featured_media":0,"comment_status":"open","ping_status":"closed","template":"","meta":{"advgb_blocks_editor_width":"","advgb_blocks_columns_visual_guide":""},"tags":[24],"tribe_events_cat":[61],"acf":[],"featured_img":false,"coauthors":[],"author_meta":{"author_link":"https:\/\/skolkalender.se\/hagaskolan-umea\/author\/marsan25\/","display_name":"marsan25"},"relative_dates":{"created":"Posted 3 \u00e5r ago","modified":"Updated 3 \u00e5r ago"},"absolute_dates":{"created":"Posted on 18 september, 2023","modified":"Updated on 6 oktober, 2023"},"absolute_dates_time":{"created":"Posted on 18 september, 2023 09:37","modified":"Updated on 6 oktober, 2023 12:38"},"featured_img_caption":"","tax_additional":{"post_tag":{"linked":["<a href=\"https:\/\/skolkalender.se\/hagaskolan-umea\/tag\/svenska\/\" class=\"advgb-post-tax-term\">Svenska<\/a>"],"unlinked":["<span class=\"advgb-post-tax-term\">Svenska<\/span>"],"slug":"post_tag","name":"Etiketter"},"tribe_events_cat":{"linked":["<a href=\"https:\/\/skolkalender.se\/hagaskolan-umea\/handelser\/kategori\/7a\/\" class=\"advgb-post-tax-term\">7a<\/a>"],"unlinked":["<span class=\"advgb-post-tax-term\">7a<\/span>"],"slug":"tribe_events_cat","name":"H\u00e4ndelsekategorier"}},"_links":{"self":[{"href":"https:\/\/skolkalender.se\/hagaskolan-umea\/wp-json\/wp\/v2\/tribe_events\/5434"}],"collection":[{"href":"https:\/\/skolkalender.se\/hagaskolan-umea\/wp-json\/wp\/v2\/tribe_events"}],"about":[{"href":"https:\/\/skolkalender.se\/hagaskolan-umea\/wp-json\/wp\/v2\/types\/tribe_events"}],"author":[{"embeddable":true,"href":"https:\/\/skolkalender.se\/hagaskolan-umea\/wp-json\/wp\/v2\/users\/49"}],"replies":[{"embeddable":true,"href":"https:\/\/skolkalender.se\/hagaskolan-umea\/wp-json\/wp\/v2\/comments?post=5434"}],"version-history":[{"count":2,"href":"https:\/\/skolkalender.se\/hagaskolan-umea\/wp-json\/wp\/v2\/tribe_events\/5434\/revisions"}],"predecessor-version":[{"id":5560,"href":"https:\/\/skolkalender.se\/hagaskolan-umea\/wp-json\/wp\/v2\/tribe_events\/5434\/revisions\/5560"}],"wp:attachment":[{"href":"https:\/\/skolkalender.se\/hagaskolan-umea\/wp-json\/wp\/v2\/media?parent=5434"}],"wp:term":[{"taxonomy":"post_tag","embeddable":true,"href":"https:\/\/skolkalender.se\/hagaskolan-umea\/wp-json\/wp\/v2\/tags?post=5434"},{"taxonomy":"tribe_events_cat","embeddable":true,"href":"https:\/\/skolkalender.se\/hagaskolan-umea\/wp-json\/wp\/v2\/tribe_events_cat?post=5434"}],"curies":[{"name":"wp","href":"https:\/\/api.w.org\/{rel}","templated":true}]}}

<p>Individuellt, skriftligt prov då du ska kunna följande: </p>
<p>Sammanfatta handlingen av den bok som du läst. (100-200 ord)</p>
<p>Berätta om 2-3 viktiga personer i boken. (100-200 ord)</p>
<p>Resonera (berätta dina tankar) om bokens budskap. (50-200 ord)</p>
<p>Formulera egna åsikter och tankar om boken. (100-200 ord)</p>
<p>För att komma till classroom: scrolla ner till händelse/taggar och tryck på länken &#8221;View Händelse Website&#8221;.</p>

<p>Individuellt, skriftligt prov då du ska kunna följande: Sammanfatta handlingen av den bok som du läst. (100-200 ord) Berätta om 2-3 viktiga personer i boken. (100-200 ord) Resonera&hellip;</p>

Posted 3 år ago

Updated 3 år ago

Händelsekategorier
