{"id":5543,"date":"2023-10-03T09:43:56","date_gmt":"2023-10-03T07:43:56","guid":{"rendered":"https:\/\/skolkalender.se\/hagaskolan-umea\/?post_type=tribe_events&#038;p=5543"},"modified":"2023-10-03T09:43:56","modified_gmt":"2023-10-03T07:43:56","slug":"diagnos-engelska-hor-och-lasforstaelse","status":"publish","type":"tribe_events","link":"https:\/\/skolkalender.se\/hagaskolan-umea\/handelse\/diagnos-engelska-hor-och-lasforstaelse\/2023-10-23\/","title":{"rendered":"Diagnos engelska H\u00f6r- och l\u00e4sf\u00f6rst\u00e5else"},"content":{"rendered":"<p>Diagnos i h\u00f6r och l\u00e4sf\u00f6rst\u00e5else. M\u00e5ndag b\u00f6rjar vi med h\u00f6rf\u00f6rst\u00e5else och forts\u00e4tter sedan med l\u00e4sf\u00f6rst\u00e5elsen m\u00e5ndag+ torsdag<\/p>\n","protected":false},"excerpt":{"rendered":"<p>Diagnos i h\u00f6r och l\u00e4sf\u00f6rst\u00e5else. M\u00e5ndag b\u00f6rjar vi med h\u00f6rf\u00f6rst\u00e5else och forts\u00e4tter sedan med l\u00e4sf\u00f6rst\u00e5elsen m\u00e5ndag+ torsdag<\/p>\n","protected":false},"author":121,"featured_media":0,"comment_status":"open","ping_status":"closed","template":"","meta":{"advgb_blocks_editor_width":"","advgb_blocks_columns_visual_guide":""},"tags":[25],"tribe_events_cat":[],"acf":[],"featured_img":false,"coauthors":[],"author_meta":{"author_link":"https:\/\/skolkalender.se\/hagaskolan-umea\/author\/ajlbeg\/","display_name":"ajlbeg"},"relative_dates":{"created":"Posted 3 \u00e5r ago","modified":"Updated 3 \u00e5r ago"},"absolute_dates":{"created":"Posted on 3 oktober, 2023","modified":"Updated on 3 oktober, 2023"},"absolute_dates_time":{"created":"Posted on 3 oktober, 2023 09:43","modified":"Updated on 3 oktober, 2023 09:43"},"featured_img_caption":"","tax_additional":{"post_tag":{"linked":["<a href=\"https:\/\/skolkalender.se\/hagaskolan-umea\/tag\/engelska\/\" class=\"advgb-post-tax-term\">Engelska<\/a>"],"unlinked":["<span class=\"advgb-post-tax-term\">Engelska<\/span>"],"slug":"post_tag","name":"Etiketter"},"tribe_events_cat":{"linked":[],"unlinked":[],"slug":"tribe_events_cat","name":"H\u00e4ndelsekategorier"}},"_links":{"self":[{"href":"https:\/\/skolkalender.se\/hagaskolan-umea\/wp-json\/wp\/v2\/tribe_events\/5543"}],"collection":[{"href":"https:\/\/skolkalender.se\/hagaskolan-umea\/wp-json\/wp\/v2\/tribe_events"}],"about":[{"href":"https:\/\/skolkalender.se\/hagaskolan-umea\/wp-json\/wp\/v2\/types\/tribe_events"}],"author":[{"embeddable":true,"href":"https:\/\/skolkalender.se\/hagaskolan-umea\/wp-json\/wp\/v2\/users\/121"}],"replies":[{"embeddable":true,"href":"https:\/\/skolkalender.se\/hagaskolan-umea\/wp-json\/wp\/v2\/comments?post=5543"}],"version-history":[{"count":1,"href":"https:\/\/skolkalender.se\/hagaskolan-umea\/wp-json\/wp\/v2\/tribe_events\/5543\/revisions"}],"predecessor-version":[{"id":5544,"href":"https:\/\/skolkalender.se\/hagaskolan-umea\/wp-json\/wp\/v2\/tribe_events\/5543\/revisions\/5544"}],"wp:attachment":[{"href":"https:\/\/skolkalender.se\/hagaskolan-umea\/wp-json\/wp\/v2\/media?parent=5543"}],"wp:term":[{"taxonomy":"post_tag","embeddable":true,"href":"https:\/\/skolkalender.se\/hagaskolan-umea\/wp-json\/wp\/v2\/tags?post=5543"},{"taxonomy":"tribe_events_cat","embeddable":true,"href":"https:\/\/skolkalender.se\/hagaskolan-umea\/wp-json\/wp\/v2\/tribe_events_cat?post=5543"}],"curies":[{"name":"wp","href":"https:\/\/api.w.org\/{rel}","templated":true}]}}

Diagnos engelska Hör- och läsförståelse

<p>Diagnos i hör och läsförståelse. Måndag börjar vi med hörförståelse och fortsätter sedan med läsförståelsen måndag+ torsdag</p>

Posted 3 år ago

Updated 3 år ago

Händelsekategorier
