{"id":5596,"date":"2023-10-13T08:11:38","date_gmt":"2023-10-13T06:11:38","guid":{"rendered":"https:\/\/skolkalender.se\/hagaskolan-umea\/?post_type=tribe_events&#038;p=5596"},"modified":"2023-10-13T08:12:51","modified_gmt":"2023-10-13T06:12:51","slug":"grupp","status":"publish","type":"tribe_events","link":"https:\/\/skolkalender.se\/hagaskolan-umea\/handelse\/grupp\/","title":{"rendered":"Gruppredovisning svenska (bok)"},"content":{"rendered":"<p>Ni ska i grupp presentera er bok muntligt f\u00f6r resten av klassen. Alla i gruppen ska delta i presentationen genom att st\u00e5 framme vid tavlan med gruppen och s\u00e4ga n\u00e5gon del av presentationen. <\/p>\n<p>Er presentation ska inneh\u00e5lla: <\/p>\n<p>Lite fakta om f\u00f6rfattaren<br \/>\nN\u00e4r boken skrevs<br \/>\nSammanfattning av handlingen (OBS! Ej slutet!)<br \/>\nBer\u00e4tta om viktiga personer<br \/>\nBokens genre med motivering. Varf\u00f6r tillh\u00f6r boken denna genre?<br \/>\nEgna tankar om boken<br \/>\nBokens budskap<br \/>\nObs! K\u00e4llf\u00f6rteckning i slutet!<\/p>\n","protected":false},"excerpt":{"rendered":"<p>Ni ska i grupp presentera er bok muntligt f\u00f6r resten av klassen. Alla i gruppen ska delta i presentationen genom att st\u00e5 framme vid tavlan med gruppen och&hellip;<\/p>\n","protected":false},"author":49,"featured_media":0,"comment_status":"open","ping_status":"closed","template":"","meta":{"advgb_blocks_editor_width":"","advgb_blocks_columns_visual_guide":""},"tags":[24],"tribe_events_cat":[62],"acf":[],"featured_img":false,"coauthors":[],"author_meta":{"author_link":"https:\/\/skolkalender.se\/hagaskolan-umea\/author\/marsan25\/","display_name":"marsan25"},"relative_dates":{"created":"Posted 3 \u00e5r ago","modified":"Updated 3 \u00e5r ago"},"absolute_dates":{"created":"Posted on 13 oktober, 2023","modified":"Updated on 13 oktober, 2023"},"absolute_dates_time":{"created":"Posted on 13 oktober, 2023 08:11","modified":"Updated on 13 oktober, 2023 08:12"},"featured_img_caption":"","tax_additional":{"post_tag":{"linked":["<a href=\"https:\/\/skolkalender.se\/hagaskolan-umea\/tag\/svenska\/\" class=\"advgb-post-tax-term\">Svenska<\/a>"],"unlinked":["<span class=\"advgb-post-tax-term\">Svenska<\/span>"],"slug":"post_tag","name":"Etiketter"},"tribe_events_cat":{"linked":["<a href=\"https:\/\/skolkalender.se\/hagaskolan-umea\/handelser\/kategori\/7b\/\" class=\"advgb-post-tax-term\">7b<\/a>"],"unlinked":["<span class=\"advgb-post-tax-term\">7b<\/span>"],"slug":"tribe_events_cat","name":"H\u00e4ndelsekategorier"}},"_links":{"self":[{"href":"https:\/\/skolkalender.se\/hagaskolan-umea\/wp-json\/wp\/v2\/tribe_events\/5596"}],"collection":[{"href":"https:\/\/skolkalender.se\/hagaskolan-umea\/wp-json\/wp\/v2\/tribe_events"}],"about":[{"href":"https:\/\/skolkalender.se\/hagaskolan-umea\/wp-json\/wp\/v2\/types\/tribe_events"}],"author":[{"embeddable":true,"href":"https:\/\/skolkalender.se\/hagaskolan-umea\/wp-json\/wp\/v2\/users\/49"}],"replies":[{"embeddable":true,"href":"https:\/\/skolkalender.se\/hagaskolan-umea\/wp-json\/wp\/v2\/comments?post=5596"}],"version-history":[{"count":2,"href":"https:\/\/skolkalender.se\/hagaskolan-umea\/wp-json\/wp\/v2\/tribe_events\/5596\/revisions"}],"predecessor-version":[{"id":5598,"href":"https:\/\/skolkalender.se\/hagaskolan-umea\/wp-json\/wp\/v2\/tribe_events\/5596\/revisions\/5598"}],"wp:attachment":[{"href":"https:\/\/skolkalender.se\/hagaskolan-umea\/wp-json\/wp\/v2\/media?parent=5596"}],"wp:term":[{"taxonomy":"post_tag","embeddable":true,"href":"https:\/\/skolkalender.se\/hagaskolan-umea\/wp-json\/wp\/v2\/tags?post=5596"},{"taxonomy":"tribe_events_cat","embeddable":true,"href":"https:\/\/skolkalender.se\/hagaskolan-umea\/wp-json\/wp\/v2\/tribe_events_cat?post=5596"}],"curies":[{"name":"wp","href":"https:\/\/api.w.org\/{rel}","templated":true}]}}

<p>Ni ska i grupp presentera er bok muntligt för resten av klassen. Alla i gruppen ska delta i presentationen genom att stå framme vid tavlan med gruppen och säga någon del av presentationen. </p>
<p>Er presentation ska innehålla: </p>
<p>Lite fakta om författaren<br />
När boken skrevs<br />
Sammanfattning av handlingen (OBS! Ej slutet!)<br />
Berätta om viktiga personer<br />
Bokens genre med motivering. Varför tillhör boken denna genre?<br />
Egna tankar om boken<br />
Bokens budskap<br />
Obs! Källförteckning i slutet!</p>

<p>Ni ska i grupp presentera er bok muntligt för resten av klassen. Alla i gruppen ska delta i presentationen genom att stå framme vid tavlan med gruppen och&hellip;</p>

Posted 3 år ago

Updated 3 år ago

Händelsekategorier
