{"id":5786,"date":"2023-11-20T09:23:21","date_gmt":"2023-11-20T08:23:21","guid":{"rendered":"https:\/\/skolkalender.se\/hagaskolan-umea\/?post_type=tribe_events&#038;p=5786"},"modified":"2023-11-20T09:24:57","modified_gmt":"2023-11-20T08:24:57","slug":"geografi-laxforhor","status":"publish","type":"tribe_events","link":"https:\/\/skolkalender.se\/hagaskolan-umea\/handelse\/geografi-laxforhor\/","title":{"rendered":"Geografi l\u00e4xf\u00f6rh\u00f6r"},"content":{"rendered":"<p>Handel, handelsm\u00f6nster och namngeografi (v\u00e4rldskartan). Information i Classroom.<\/p>\n","protected":false},"excerpt":{"rendered":"<p>Handel, handelsm\u00f6nster och namngeografi (v\u00e4rldskartan). Information i Classroom.<\/p>\n","protected":false},"author":63,"featured_media":0,"comment_status":"open","ping_status":"closed","template":"","meta":{"advgb_blocks_editor_width":"","advgb_blocks_columns_visual_guide":""},"tags":[],"tribe_events_cat":[66],"acf":[],"featured_img":false,"coauthors":[],"author_meta":{"author_link":"https:\/\/skolkalender.se\/hagaskolan-umea\/author\/ylvwal\/","display_name":"ylvwal"},"relative_dates":{"created":"Posted 2 \u00e5r ago","modified":"Updated 2 \u00e5r ago"},"absolute_dates":{"created":"Posted on 20 november, 2023","modified":"Updated on 20 november, 2023"},"absolute_dates_time":{"created":"Posted on 20 november, 2023 09:23","modified":"Updated on 20 november, 2023 09:24"},"featured_img_caption":"","tax_additional":{"post_tag":{"linked":[],"unlinked":[],"slug":"post_tag","name":"Etiketter"},"tribe_events_cat":{"linked":["<a href=\"https:\/\/skolkalender.se\/hagaskolan-umea\/handelser\/kategori\/8c\/\" class=\"advgb-post-tax-term\">8c<\/a>"],"unlinked":["<span class=\"advgb-post-tax-term\">8c<\/span>"],"slug":"tribe_events_cat","name":"H\u00e4ndelsekategorier"}},"_links":{"self":[{"href":"https:\/\/skolkalender.se\/hagaskolan-umea\/wp-json\/wp\/v2\/tribe_events\/5786"}],"collection":[{"href":"https:\/\/skolkalender.se\/hagaskolan-umea\/wp-json\/wp\/v2\/tribe_events"}],"about":[{"href":"https:\/\/skolkalender.se\/hagaskolan-umea\/wp-json\/wp\/v2\/types\/tribe_events"}],"author":[{"embeddable":true,"href":"https:\/\/skolkalender.se\/hagaskolan-umea\/wp-json\/wp\/v2\/users\/63"}],"replies":[{"embeddable":true,"href":"https:\/\/skolkalender.se\/hagaskolan-umea\/wp-json\/wp\/v2\/comments?post=5786"}],"version-history":[{"count":1,"href":"https:\/\/skolkalender.se\/hagaskolan-umea\/wp-json\/wp\/v2\/tribe_events\/5786\/revisions"}],"predecessor-version":[{"id":5787,"href":"https:\/\/skolkalender.se\/hagaskolan-umea\/wp-json\/wp\/v2\/tribe_events\/5786\/revisions\/5787"}],"wp:attachment":[{"href":"https:\/\/skolkalender.se\/hagaskolan-umea\/wp-json\/wp\/v2\/media?parent=5786"}],"wp:term":[{"taxonomy":"post_tag","embeddable":true,"href":"https:\/\/skolkalender.se\/hagaskolan-umea\/wp-json\/wp\/v2\/tags?post=5786"},{"taxonomy":"tribe_events_cat","embeddable":true,"href":"https:\/\/skolkalender.se\/hagaskolan-umea\/wp-json\/wp\/v2\/tribe_events_cat?post=5786"}],"curies":[{"name":"wp","href":"https:\/\/api.w.org\/{rel}","templated":true}]}}

Geografi läxförhör

<p>Handel, handelsmönster och namngeografi (världskartan). Information i Classroom.</p>

Posted 2 år ago

Updated 2 år ago

Händelsekategorier
