{"id":6240,"date":"2024-02-14T09:51:21","date_gmt":"2024-02-14T08:51:21","guid":{"rendered":"https:\/\/skolkalender.se\/hagaskolan-umea\/?post_type=tribe_events&#038;p=6240"},"modified":"2024-02-14T09:51:21","modified_gmt":"2024-02-14T08:51:21","slug":"begrepp-spraksociologi-litet-forhor","status":"publish","type":"tribe_events","link":"https:\/\/skolkalender.se\/hagaskolan-umea\/handelse\/begrepp-spraksociologi-litet-forhor\/","title":{"rendered":"Begrepp spr\u00e5ksociologi &#8211; litet f\u00f6rh\u00f6r"},"content":{"rendered":"<p>Begrepp spr\u00e5ksociologi &#8211; litet f\u00f6rh\u00f6r<\/p>\n","protected":false},"excerpt":{"rendered":"<p>Begrepp spr\u00e5ksociologi &#8211; litet f\u00f6rh\u00f6r<\/p>\n","protected":false},"author":49,"featured_media":0,"comment_status":"open","ping_status":"closed","template":"","meta":{"advgb_blocks_editor_width":"","advgb_blocks_columns_visual_guide":""},"tags":[24],"tribe_events_cat":[68],"acf":[],"featured_img":false,"coauthors":[],"author_meta":{"author_link":"https:\/\/skolkalender.se\/hagaskolan-umea\/author\/marsan25\/","display_name":"marsan25"},"relative_dates":{"created":"Posted 2 \u00e5r ago","modified":"Updated 2 \u00e5r ago"},"absolute_dates":{"created":"Posted on 14 februari, 2024","modified":"Updated on 14 februari, 2024"},"absolute_dates_time":{"created":"Posted on 14 februari, 2024 09:51","modified":"Updated on 14 februari, 2024 09:51"},"featured_img_caption":"","tax_additional":{"post_tag":{"linked":["<a href=\"https:\/\/skolkalender.se\/hagaskolan-umea\/tag\/svenska\/\" class=\"advgb-post-tax-term\">Svenska<\/a>"],"unlinked":["<span class=\"advgb-post-tax-term\">Svenska<\/span>"],"slug":"post_tag","name":"Etiketter"},"tribe_events_cat":{"linked":["<a href=\"https:\/\/skolkalender.se\/hagaskolan-umea\/handelser\/kategori\/9a\/\" class=\"advgb-post-tax-term\">9a<\/a>"],"unlinked":["<span class=\"advgb-post-tax-term\">9a<\/span>"],"slug":"tribe_events_cat","name":"H\u00e4ndelsekategorier"}},"_links":{"self":[{"href":"https:\/\/skolkalender.se\/hagaskolan-umea\/wp-json\/wp\/v2\/tribe_events\/6240"}],"collection":[{"href":"https:\/\/skolkalender.se\/hagaskolan-umea\/wp-json\/wp\/v2\/tribe_events"}],"about":[{"href":"https:\/\/skolkalender.se\/hagaskolan-umea\/wp-json\/wp\/v2\/types\/tribe_events"}],"author":[{"embeddable":true,"href":"https:\/\/skolkalender.se\/hagaskolan-umea\/wp-json\/wp\/v2\/users\/49"}],"replies":[{"embeddable":true,"href":"https:\/\/skolkalender.se\/hagaskolan-umea\/wp-json\/wp\/v2\/comments?post=6240"}],"version-history":[{"count":1,"href":"https:\/\/skolkalender.se\/hagaskolan-umea\/wp-json\/wp\/v2\/tribe_events\/6240\/revisions"}],"predecessor-version":[{"id":6241,"href":"https:\/\/skolkalender.se\/hagaskolan-umea\/wp-json\/wp\/v2\/tribe_events\/6240\/revisions\/6241"}],"wp:attachment":[{"href":"https:\/\/skolkalender.se\/hagaskolan-umea\/wp-json\/wp\/v2\/media?parent=6240"}],"wp:term":[{"taxonomy":"post_tag","embeddable":true,"href":"https:\/\/skolkalender.se\/hagaskolan-umea\/wp-json\/wp\/v2\/tags?post=6240"},{"taxonomy":"tribe_events_cat","embeddable":true,"href":"https:\/\/skolkalender.se\/hagaskolan-umea\/wp-json\/wp\/v2\/tribe_events_cat?post=6240"}],"curies":[{"name":"wp","href":"https:\/\/api.w.org\/{rel}","templated":true}]}}

Begrepp språksociologi &#8211; litet förhör

<p>Begrepp språksociologi &#8211; litet förhör</p>

Posted 2 år ago

Updated 2 år ago

Händelsekategorier
