{"id":6304,"date":"2024-02-23T15:02:43","date_gmt":"2024-02-23T14:02:43","guid":{"rendered":"https:\/\/skolkalender.se\/hagaskolan-umea\/?post_type=tribe_events&#038;p=6304"},"modified":"2024-02-23T15:02:43","modified_gmt":"2024-02-23T14:02:43","slug":"glom-inte-kemilaxan","status":"publish","type":"tribe_events","link":"https:\/\/skolkalender.se\/hagaskolan-umea\/handelse\/glom-inte-kemilaxan\/","title":{"rendered":"Gl\u00f6m inte kemil\u00e4xan!"},"content":{"rendered":"<p>Atom &#8211; Molekyl, Grund\u00e4mne &#8211; Kemisk f\u00f6rening<\/p>\n","protected":false},"excerpt":{"rendered":"<p>Atom &#8211; Molekyl, Grund\u00e4mne &#8211; Kemisk f\u00f6rening<\/p>\n","protected":false},"author":61,"featured_media":0,"comment_status":"open","ping_status":"closed","template":"","meta":{"advgb_blocks_editor_width":"","advgb_blocks_columns_visual_guide":""},"tags":[27],"tribe_events_cat":[63],"acf":[],"featured_img":false,"coauthors":[],"author_meta":{"author_link":"https:\/\/skolkalender.se\/hagaskolan-umea\/author\/ulrang\/","display_name":"ulrang"},"relative_dates":{"created":"Posted 2 \u00e5r ago","modified":"Updated 2 \u00e5r ago"},"absolute_dates":{"created":"Posted on 23 februari, 2024","modified":"Updated on 23 februari, 2024"},"absolute_dates_time":{"created":"Posted on 23 februari, 2024 15:02","modified":"Updated on 23 februari, 2024 15:02"},"featured_img_caption":"","tax_additional":{"post_tag":{"linked":["<a href=\"https:\/\/skolkalender.se\/hagaskolan-umea\/tag\/kemi\/\" class=\"advgb-post-tax-term\">Kemi<\/a>"],"unlinked":["<span class=\"advgb-post-tax-term\">Kemi<\/span>"],"slug":"post_tag","name":"Etiketter"},"tribe_events_cat":{"linked":["<a href=\"https:\/\/skolkalender.se\/hagaskolan-umea\/handelser\/kategori\/7c\/\" class=\"advgb-post-tax-term\">7c<\/a>"],"unlinked":["<span class=\"advgb-post-tax-term\">7c<\/span>"],"slug":"tribe_events_cat","name":"H\u00e4ndelsekategorier"}},"_links":{"self":[{"href":"https:\/\/skolkalender.se\/hagaskolan-umea\/wp-json\/wp\/v2\/tribe_events\/6304"}],"collection":[{"href":"https:\/\/skolkalender.se\/hagaskolan-umea\/wp-json\/wp\/v2\/tribe_events"}],"about":[{"href":"https:\/\/skolkalender.se\/hagaskolan-umea\/wp-json\/wp\/v2\/types\/tribe_events"}],"author":[{"embeddable":true,"href":"https:\/\/skolkalender.se\/hagaskolan-umea\/wp-json\/wp\/v2\/users\/61"}],"replies":[{"embeddable":true,"href":"https:\/\/skolkalender.se\/hagaskolan-umea\/wp-json\/wp\/v2\/comments?post=6304"}],"version-history":[{"count":1,"href":"https:\/\/skolkalender.se\/hagaskolan-umea\/wp-json\/wp\/v2\/tribe_events\/6304\/revisions"}],"predecessor-version":[{"id":6305,"href":"https:\/\/skolkalender.se\/hagaskolan-umea\/wp-json\/wp\/v2\/tribe_events\/6304\/revisions\/6305"}],"wp:attachment":[{"href":"https:\/\/skolkalender.se\/hagaskolan-umea\/wp-json\/wp\/v2\/media?parent=6304"}],"wp:term":[{"taxonomy":"post_tag","embeddable":true,"href":"https:\/\/skolkalender.se\/hagaskolan-umea\/wp-json\/wp\/v2\/tags?post=6304"},{"taxonomy":"tribe_events_cat","embeddable":true,"href":"https:\/\/skolkalender.se\/hagaskolan-umea\/wp-json\/wp\/v2\/tribe_events_cat?post=6304"}],"curies":[{"name":"wp","href":"https:\/\/api.w.org\/{rel}","templated":true}]}}

Glöm inte kemiläxan!

<p>Atom &#8211; Molekyl, Grundämne &#8211; Kemisk förening</p>

Posted 2 år ago

Updated 2 år ago

Händelsekategorier
