{"id":8045,"date":"2025-11-24T15:45:30","date_gmt":"2025-11-24T14:45:30","guid":{"rendered":"https:\/\/skolkalender.se\/savar\/?post_type=tribe_events&#038;p=8045"},"modified":"2025-12-01T09:16:43","modified_gmt":"2025-12-01T08:16:43","slug":"mattelaxa-multiplikation","status":"publish","type":"tribe_events","link":"https:\/\/skolkalender.se\/savar\/handelse\/mattelaxa-multiplikation\/","title":{"rendered":"Mattel\u00e4xa \u2013 Multiplikation"},"content":{"rendered":"<p>D\u00e5 var det dags f\u00f6r den andra l\u00e4xan i multiplikation den h\u00e4r terminen. M\u00e5let den h\u00e4r g\u00e5ngen \u00e4r att du ska f\u00f6rs\u00f6ka sl\u00e5 tiden du hade p\u00e5 mattel\u00e4xan v.39. Om du inte kommer ih\u00e5g tiden har jag sparat alla i en mapp s\u00e5 att du kan se den gamla tiden.<\/p>\n<p>Kommer du vinna mot dig sj\u00e4lv?<\/p>\n<p>Lycka till!<\/p>\n","protected":false},"excerpt":{"rendered":"<p>D\u00e5 var det dags f\u00f6r den andra l\u00e4xan i multiplikation den h\u00e4r terminen. M\u00e5let den h\u00e4r g\u00e5ngen \u00e4r att du ska f\u00f6rs\u00f6ka sl\u00e5 tiden du hade p\u00e5 mattel\u00e4xan&hellip;<\/p>\n","protected":false},"author":168,"featured_media":0,"comment_status":"closed","ping_status":"closed","template":"","meta":{"advgb_blocks_editor_width":"","advgb_blocks_columns_visual_guide":"","footnotes":""},"tags":[50],"tribe_events_cat":[20],"class_list":["post-8045","tribe_events","type-tribe_events","status-publish","has-post-thumbnail","hentry","tag-matematik","tribe_events_cat-7a","cat_7a"],"acf":[],"featured_img":false,"coauthors":[],"author_meta":{"author_link":"https:\/\/skolkalender.se\/savar\/author\/anniqamoen\/","display_name":"anniqamoen"},"relative_dates":{"created":"Posted 5 m\u00e5nader ago","modified":"Updated 5 m\u00e5nader ago"},"absolute_dates":{"created":"Posted on 24 november, 2025","modified":"Updated on 1 december, 2025"},"absolute_dates_time":{"created":"Posted on 24 november, 2025 15:45","modified":"Updated on 1 december, 2025 09:16"},"featured_img_caption":"","tax_additional":{"post_tag":{"linked":["<a href=\"https:\/\/skolkalender.se\/savar\/tag\/matematik\/\" class=\"advgb-post-tax-term\">Matematik<\/a>"],"unlinked":["<span class=\"advgb-post-tax-term\">Matematik<\/span>"],"slug":"post_tag","name":"Etiketter"},"tribe_events_cat":{"linked":["<a href=\"https:\/\/skolkalender.se\/savar\/handelser\/category\/7a\/\" class=\"advgb-post-tax-term\">7A<\/a>"],"unlinked":["<span class=\"advgb-post-tax-term\">7A<\/span>"],"slug":"tribe_events_cat","name":"H\u00e4ndelse Categories"}},"_links":{"self":[{"href":"https:\/\/skolkalender.se\/savar\/wp-json\/wp\/v2\/tribe_events\/8045","targetHints":{"allow":["GET"]}}],"collection":[{"href":"https:\/\/skolkalender.se\/savar\/wp-json\/wp\/v2\/tribe_events"}],"about":[{"href":"https:\/\/skolkalender.se\/savar\/wp-json\/wp\/v2\/types\/tribe_events"}],"author":[{"embeddable":true,"href":"https:\/\/skolkalender.se\/savar\/wp-json\/wp\/v2\/users\/168"}],"replies":[{"embeddable":true,"href":"https:\/\/skolkalender.se\/savar\/wp-json\/wp\/v2\/comments?post=8045"}],"version-history":[{"count":2,"href":"https:\/\/skolkalender.se\/savar\/wp-json\/wp\/v2\/tribe_events\/8045\/revisions"}],"predecessor-version":[{"id":8094,"href":"https:\/\/skolkalender.se\/savar\/wp-json\/wp\/v2\/tribe_events\/8045\/revisions\/8094"}],"wp:attachment":[{"href":"https:\/\/skolkalender.se\/savar\/wp-json\/wp\/v2\/media?parent=8045"}],"wp:term":[{"taxonomy":"post_tag","embeddable":true,"href":"https:\/\/skolkalender.se\/savar\/wp-json\/wp\/v2\/tags?post=8045"},{"taxonomy":"tribe_events_cat","embeddable":true,"href":"https:\/\/skolkalender.se\/savar\/wp-json\/wp\/v2\/tribe_events_cat?post=8045"}],"curies":[{"name":"wp","href":"https:\/\/api.w.org\/{rel}","templated":true}]}}

Matteläxa – Multiplikation

<p>Då var det dags för den andra läxan i multiplikation den här terminen. Målet den här gången är att du ska försöka slå tiden du hade på matteläxan v.39. Om du inte kommer ihåg tiden har jag sparat alla i en mapp så att du kan se den gamla tiden.</p>
<p>Kommer du vinna mot dig själv?</p>
<p>Lycka till!</p>

<p>Då var det dags för den andra läxan i multiplikation den här terminen. Målet den här gången är att du ska försöka slå tiden du hade på matteläxan&hellip;</p>

Posted 5 månader ago

Updated 5 månader ago

Händelse Categories
