{"id":8085,"date":"2025-11-28T09:46:12","date_gmt":"2025-11-28T08:46:12","guid":{"rendered":"https:\/\/skolkalender.se\/savar\/?post_type=tribe_events&#038;p=8085"},"modified":"2025-11-28T09:46:12","modified_gmt":"2025-11-28T08:46:12","slug":"spanska-prov-peru-preterito-perfecto-hannas-grupp","status":"publish","type":"tribe_events","link":"https:\/\/skolkalender.se\/savar\/handelse\/spanska-prov-peru-preterito-perfecto-hannas-grupp\/","title":{"rendered":"Spanska: Prov Peru + Pret\u00e9rito perfecto (Hannas grupp)"},"content":{"rendered":"<p>Unidad 2a<\/p>\n<p>H\u00e4r finns info om hur du kan f\u00f6rbereda dig!<br \/>\nhttps:\/\/docs.google.com\/document\/d\/1pLh29nTcVW0k2iLnKzxw2gf7FS0f_VGrK6MsaGkip4Q\/edit?usp=sharing<\/p>\n<p>&#8211; L\u00e4sf\u00f6rst\u00e5else<br \/>\n&#8211; Skrivdel med grammatik och ordkunskap<br \/>\n&#8211; Om Peru p\u00e5 svenska<\/p>\n","protected":false},"excerpt":{"rendered":"<p>Unidad 2a H\u00e4r finns info om hur du kan f\u00f6rbereda dig! https:\/\/docs.google.com\/document\/d\/1pLh29nTcVW0k2iLnKzxw2gf7FS0f_VGrK6MsaGkip4Q\/edit?usp=sharing &#8211; L\u00e4sf\u00f6rst\u00e5else &#8211; Skrivdel med grammatik och ordkunskap &#8211; Om Peru p\u00e5 svenska<\/p>\n","protected":false},"author":165,"featured_media":0,"comment_status":"closed","ping_status":"closed","template":"","meta":{"advgb_blocks_editor_width":"","advgb_blocks_columns_visual_guide":"","footnotes":""},"tags":[54,59],"tribe_events_cat":[24,25,26,27],"class_list":["post-8085","tribe_events","type-tribe_events","status-publish","has-post-thumbnail","hentry","tag-prov","tag-spanska","tribe_events_cat-8a","tribe_events_cat-8b","tribe_events_cat-8c","tribe_events_cat-8d","cat_8a","cat_8b","cat_8c","cat_8d"],"acf":[],"featured_img":false,"coauthors":[],"author_meta":{"author_link":"https:\/\/skolkalender.se\/savar\/author\/hannaalmqvist\/","display_name":"hannaalmqvist"},"relative_dates":{"created":"Posted 5 m\u00e5nader ago","modified":"Updated 5 m\u00e5nader ago"},"absolute_dates":{"created":"Posted on 28 november, 2025","modified":"Updated on 28 november, 2025"},"absolute_dates_time":{"created":"Posted on 28 november, 2025 09:46","modified":"Updated on 28 november, 2025 09:46"},"featured_img_caption":"","tax_additional":{"post_tag":{"linked":["<a href=\"https:\/\/skolkalender.se\/savar\/tag\/prov\/\" class=\"advgb-post-tax-term\">Prov<\/a>","<a href=\"https:\/\/skolkalender.se\/savar\/tag\/spanska\/\" class=\"advgb-post-tax-term\">Spanska<\/a>"],"unlinked":["<span class=\"advgb-post-tax-term\">Prov<\/span>","<span class=\"advgb-post-tax-term\">Spanska<\/span>"],"slug":"post_tag","name":"Etiketter"},"tribe_events_cat":{"linked":["<a href=\"https:\/\/skolkalender.se\/savar\/handelser\/category\/8a\/\" class=\"advgb-post-tax-term\">8A<\/a>","<a href=\"https:\/\/skolkalender.se\/savar\/handelser\/category\/8b\/\" class=\"advgb-post-tax-term\">8B<\/a>","<a href=\"https:\/\/skolkalender.se\/savar\/handelser\/category\/8c\/\" class=\"advgb-post-tax-term\">8C<\/a>","<a href=\"https:\/\/skolkalender.se\/savar\/handelser\/category\/8d\/\" class=\"advgb-post-tax-term\">8D<\/a>"],"unlinked":["<span class=\"advgb-post-tax-term\">8A<\/span>","<span class=\"advgb-post-tax-term\">8B<\/span>","<span class=\"advgb-post-tax-term\">8C<\/span>","<span class=\"advgb-post-tax-term\">8D<\/span>"],"slug":"tribe_events_cat","name":"H\u00e4ndelse Categories"}},"_links":{"self":[{"href":"https:\/\/skolkalender.se\/savar\/wp-json\/wp\/v2\/tribe_events\/8085","targetHints":{"allow":["GET"]}}],"collection":[{"href":"https:\/\/skolkalender.se\/savar\/wp-json\/wp\/v2\/tribe_events"}],"about":[{"href":"https:\/\/skolkalender.se\/savar\/wp-json\/wp\/v2\/types\/tribe_events"}],"author":[{"embeddable":true,"href":"https:\/\/skolkalender.se\/savar\/wp-json\/wp\/v2\/users\/165"}],"replies":[{"embeddable":true,"href":"https:\/\/skolkalender.se\/savar\/wp-json\/wp\/v2\/comments?post=8085"}],"version-history":[{"count":1,"href":"https:\/\/skolkalender.se\/savar\/wp-json\/wp\/v2\/tribe_events\/8085\/revisions"}],"predecessor-version":[{"id":8086,"href":"https:\/\/skolkalender.se\/savar\/wp-json\/wp\/v2\/tribe_events\/8085\/revisions\/8086"}],"wp:attachment":[{"href":"https:\/\/skolkalender.se\/savar\/wp-json\/wp\/v2\/media?parent=8085"}],"wp:term":[{"taxonomy":"post_tag","embeddable":true,"href":"https:\/\/skolkalender.se\/savar\/wp-json\/wp\/v2\/tags?post=8085"},{"taxonomy":"tribe_events_cat","embeddable":true,"href":"https:\/\/skolkalender.se\/savar\/wp-json\/wp\/v2\/tribe_events_cat?post=8085"}],"curies":[{"name":"wp","href":"https:\/\/api.w.org\/{rel}","templated":true}]}}

Spanska: Prov Peru + Pretérito perfecto (Hannas grupp)

<p>Unidad 2a</p>
<p>Här finns info om hur du kan förbereda dig!<br />
https://docs.google.com/document/d/1pLh29nTcVW0k2iLnKzxw2gf7FS0f_VGrK6MsaGkip4Q/edit?usp=sharing</p>
<p>&#8211; Läsförståelse<br />
&#8211; Skrivdel med grammatik och ordkunskap<br />
&#8211; Om Peru på svenska</p>

<p>Unidad 2a Här finns info om hur du kan förbereda dig! https://docs.google.com/document/d/1pLh29nTcVW0k2iLnKzxw2gf7FS0f_VGrK6MsaGkip4Q/edit?usp=sharing &#8211; Läsförståelse &#8211; Skrivdel med grammatik och ordkunskap &#8211; Om Peru på svenska</p>

Posted 5 månader ago

Updated 5 månader ago

Händelse Categories
